{"id":26,"date":"2026-03-27T10:57:19","date_gmt":"2026-03-27T10:57:19","guid":{"rendered":"http:\/\/www.calabreat.com\/?page_id=26"},"modified":"2026-04-01T11:58:09","modified_gmt":"2026-04-01T11:58:09","slug":"blog","status":"publish","type":"page","link":"http:\/\/www.calabreat.com\/?page_id=26","title":{"rendered":"Blog"},"content":{"rendered":"\n<!-- BLOG SECTION WRAPPER -->\n<section class=\"blog-section\">\n\n  <!-- TITOLO & TESTO -->\n  <div class=\"blog-header\">\n    <h1>Questa \u00e8 la mia Terra<\/h1>\n    <p class=\"blog-intro\">\n      Grazie alla sua posizione privilegiata all\u2019interno del Mediterraneo, la Calabria \u00e8 una terra intrisa di tradizioni, leggende,\n      eventi e racconti di un <em>terroir<\/em> unico nella sua diversit\u00e0, ricchezza e amenit\u00e0. Attraverso la narrazione dei luoghi,\n      sospesi tra epica e magia, tessiamo insieme la geo storia di un\u2019intera comunit\u00e0 e di un ecosistema.\n    <\/p>\n  <\/div>\n\n  <div class=\"blog-line\"><\/div>\n\n  <!-- GRID 3 COLONNE -->\n  <div class=\"blog-grid\">\n\n    <!-- 1 -->\n    <a href=\"http:\/\/www.calabreat.com\/?p=145\" class=\"blog-link\">\n      <article class=\"blog-item\">\n        <img decoding=\"async\" src=\"https:\/\/via.placeholder.com\/450x450\/dbc9b0\/ffffff?text=Img+Blog+1\" alt=\"\">\n        <h3>Il capocollo di Calabria DOP<\/h3>\n        <p class=\"meta\">CALABREAT \u2013 10 NOVEMBRE 2020<\/p>\n      <\/article>\n    <\/a>\n\n    <!-- 2 -->\n    <a href=\"http:\/\/www.calabreat.com\/?p=147\" class=\"blog-link\">\n      <article class=\"blog-item\">\n        <img decoding=\"async\" src=\"https:\/\/via.placeholder.com\/450x450\/dbc9b0\/ffffff?text=Img+Blog+2\" alt=\"\">\n        <h3>Il potere curativo del polline<\/h3>\n        <p class=\"meta\">CALABREAT \u2013 30 OTTOBRE 2020<\/p>\n      <\/article>\n    <\/a>\n\n    <!-- 3 -->\n    <a href=\"http:\/\/www.calabreat.com\/?p=149\">\n      <article class=\"blog-item\">\n        <img decoding=\"async\" src=\"https:\/\/via.placeholder.com\/450x450\/dbc9b0\/ffffff?text=Img+Blog+3\" alt=\"\">\n        <h3>Isola di Dino: tra storia e meraviglie natural<\/h3>\n        <p class=\"meta\">CALABREAT \u2013 16 OTTOBRE 2020<\/p>\n      <\/article>\n    <\/a>\n\n    <!-- 4 -->\n    <a href=\"http:\/\/localhost\/agriturismo\/2026\/01\/22\/cipolla-di-tropea-oro-rosso-della-calabria\/\" class=\"blog-link\">\n      <article class=\"blog-item\">\n        <img decoding=\"async\" src=\"https:\/\/via.placeholder.com\/450x450\/dbc9b0\/ffffff?text=Img+Blog+4\" alt=\"\">\n        <h3>Cipolla di Tropea, oro rosso della Calabria<\/h3>\n        <p class=\"meta\">CALABREAT \u2013 2 OTTOBRE 2020<\/p>\n      <\/article>\n    <\/a>\n\n    <!-- 5 -->\n    <a href=\"http:\/\/localhost\/agriturismo\/2026\/01\/22\/propoli-contro-il-mal-di-gola\/\" class=\"blog-link\">\n      <article class=\"blog-item\">\n        <img decoding=\"async\" src=\"https:\/\/via.placeholder.com\/450x450\/dbc9b0\/ffffff?text=Img+Blog+5\" alt=\"\">\n        <h3>Propoli contro il mal di gola<\/h3>\n        <p class=\"meta\">CALABREAT \u2013 18 SETTEMBRE 2020<\/p>\n      <\/article>\n    <\/a>\n\n    <!-- 6 -->\n    <a href=\"http:\/\/localhost\/agriturismo\/2026\/01\/22\/gerace-gioiello-della-locride\/\" class=\"blog-link\">\n      <article class=\"blog-item\">\n        <img decoding=\"async\" src=\"https:\/\/via.placeholder.com\/450x450\/dbc9b0\/ffffff?text=Img+Blog+6\" alt=\"\">\n        <h3>Gerace: gioiello della Locride<\/h3>\n        <p class=\"meta\">CALABREAT \u2013 4 SETTEMBRE 2020<\/p>\n      <\/article>\n    <\/a>\n\n    <!-- 7 -->\n    <a href=\"http:\/\/localhost\/agriturismo\/2026\/01\/22\/formaggio-a-base-di-latte-dasina\/\" class=\"blog-link\">\n      <article class=\"blog-item\">\n        <img decoding=\"async\" src=\"https:\/\/via.placeholder.com\/450x450\/dbc9b0\/ffffff?text=Img+Blog+7\" alt=\"\">\n        <h3>Formaggio a base di latte d\u2019asina<\/h3>\n        <p class=\"meta\">CALABREAT \u2013 28 AGOSTO 2020<\/p>\n      <\/article>\n    <\/a>\n\n    <!-- 8 -->\n    <a href=\"http:\/\/localhost\/agriturismo\/2026\/01\/22\/formaggio-a-base-di-latte-dasina\/\" class=\"blog-link\">\n      <article class=\"blog-item\">\n        <img decoding=\"async\" src=\"https:\/\/via.placeholder.com\/450x450\/dbc9b0\/ffffff?text=Img+Blog+8\" alt=\"\">\n        <h3>Formaggio a base di latte d\u2019asina<\/h3>\n        <p class=\"meta\">CALABREAT \u2013 31 LUGLIO 2020<\/p>\n      <\/article>\n    <\/a>\n\n    <!-- 9 -->\n    <a href=\"http:\/\/localhost\/agriturismo\/2026\/01\/22\/salsa-al-miele-per-insalata\/\" class=\"blog-link\">\n      <article class=\"blog-item\">\n        <img decoding=\"async\" src=\"https:\/\/via.placeholder.com\/450x450\/dbc9b0\/ffffff?text=Img+Blog+9\" alt=\"\">\n        <h3>Salsa al miele per insalata<\/h3>\n        <p class=\"meta\">CALABREAT \u2013 17 LUGLIO 2020<\/p>\n      <\/article>\n    <\/a>\n\n    <!-- 10 -->\n    <a href=\"http:\/\/localhost\/agriturismo\/2026\/01\/22\/fichi-di-cosenza-dop\/\" class=\"blog-link\">\n      <article class=\"blog-item\">\n        <img decoding=\"async\" src=\"https:\/\/via.placeholder.com\/450x450\/dbc9b0\/ffffff?text=Img+Blog+10\" alt=\"\">\n        <h3>LFichi di Cosenza DOP<\/h3>\n        <p class=\"meta\">CALABREAT \u2013 3 LUGLIO 2020<\/p>\n      <\/article>\n    <\/a>\n\n    <!-- 11 -->\n    <a href=\"http:\/\/localhost\/agriturismo\/2026\/01\/22\/crostata-di-ricotta-fichi-e-miele\/\" class=\"blog-link\">\n      <article class=\"blog-item\">\n        <img decoding=\"async\" src=\"http:\/\/localhost\/agriturismo\/2026\/01\/22\/crostata-di-ricotta-fichi-e-miele\/\" alt=\"\">\n        <h3>Crostata di ricotta, fichi e miele<\/h3>\n        <p class=\"meta\">CALABREAT \u2013 19 GIUGNO 2020<\/p>\n      <\/article>\n    <\/a>\n\n    <!-- 12 -->\n    <a href=\"http:\/\/localhost\/agriturismo\/2026\/01\/22\/gelato-al-miele-con-salsa-di-pesche\/\" class=\"blog-link\">\n      <article class=\"blog-item\">\n        <img decoding=\"async\" src=\"https:\/\/via.placeholder.com\/450x450\/dbc9b0\/ffffff?text=Img+Blog+12\" alt=\"\">\n        <h3>Gelato al miele con salsa di pesche<\/h3>\n        <p class=\"meta\">CALABREAT \u2013 5 GIUGNO 2020<\/p>\n      <\/article>\n    <\/a>\n\n    <!-- 13 -->\n    <a href=\"\/articoli\/santa-severina-la-nave-di-pietra\" class=\"blog-link\">\n      <article class=\"blog-item\">\n        <img decoding=\"async\" src=\"https:\/\/via.placeholder.com\/450x450\/dbc9b0\/ffffff?text=Img+Blog+13\" alt=\"\">\n        <h3>Santa Severina: la nave di pietra<\/h3>\n        <p class=\"meta\">CALABREAT \u2013 22 MAGGIO 2020<\/p>\n      <\/article>\n    <\/a>\n\n    <!-- 14 -->\n    <a href=\"\/articoli\/spiaggia-arco-magno-porta-sul-tirreno\" class=\"blog-link\">\n      <article class=\"blog-item\">\n        <img decoding=\"async\" src=\"https:\/\/via.placeholder.com\/450x450\/dbc9b0\/ffffff?text=Img+Blog+14\" alt=\"\">\n        <h3>Spiaggia dell\u2019Arco Magno, la \u201cporta\u201d sul Tirreno<\/h3>\n        <p class=\"meta\">CALABREAT \u2013 5 MAGGIO 2020<\/p>\n      <\/article>\n    <\/a>\n\n    <!-- 15 -->\n    <a href=\"\/articoli\/pentedattilo-cinque-dita-protese\" class=\"blog-link\">\n      <article class=\"blog-item\">\n        <img decoding=\"async\" src=\"https:\/\/via.placeholder.com\/450x450\/dbc9b0\/ffffff?text=Img+Blog+15\" alt=\"\">\n        <h3>Pentedattilo e le sue cinque dita protese verso il cielo<\/h3>\n        <p class=\"meta\">CALABREAT \u2013 24 APRILE 2020<\/p>\n      <\/article>\n    <\/a>\n\n    <!-- 16 -->\n    <a href=\"\/articoli\/pietra-cappa-regina-aspromonte\" class=\"blog-link\">\n      <article class=\"blog-item\">\n        <img decoding=\"async\" src=\"https:\/\/via.placeholder.com\/450x450\/dbc9b0\/ffffff?text=Img+Blog+16\" alt=\"\">\n        <h3>Pietra Cappa, la regina dell\u2019Aspromonte<\/h3>\n        <p class=\"meta\">CALABREAT \u2013 20 MARZO 2020<\/p>\n      <\/article>\n    <\/a>\n\n  <\/div>\n\n  <!-- FOOTER BLOG -->\n  <p class=\"blog-cart\">ACCEDI CARRELLO (0)<\/p>\n\n<\/section>\n\n<style>\n\/* ====== BLOG SECTION ====== *\/\n\n.blog-section {\n  max-width: 1100px;\n  margin: 0 auto;\n  padding: 80px 20px;\n  background-color: #f7f5f3;\n  font-family: 'Open Sans', sans-serif;\n}\n\n.blog-header {\n  text-align: center;\n  max-width: 800px;\n  margin: 0 auto 60px;\n}\n\n.blog-header h1 {\n  font-family: \"Playfair Display\", serif;\n  font-size: 46px;\n  color: #d8b57a;\n  font-weight: 400;\n  margin-bottom: 20px;\n}\n\n.blog-intro {\n  font-size: 17px;\n  color: #666;\n  line-height: 1.7;\n}\n\n.blog-line {\n  width: 100%;\n  height: 1px;\n  background-color: #e1ddd8;\n  margin: 50px 0;\n}\n\n\/* GRID *\/\n.blog-grid {\n  display: grid;\n  grid-template-columns: repeat(3, 1fr);\n  gap: 60px 40px;\n}\n\n\/* LINK WRAPPER *\/\n.blog-link {\n  text-decoration: none;\n  color: inherit;\n  display: block;\n}\n\n.blog-link:hover .blog-item img {\n  transform: scale(1.02);\n}\n\n.blog-link:hover .blog-item h3 {\n  text-decoration: underline;\n}\n\n\/* ITEM *\/\n.blog-item img {\n  width: 100%;\n  border-radius: 4px;\n  transition: transform 0.3s ease;\n}\n\n.blog-item h3 {\n  font-family: \"Playfair Display\", serif;\n  font-size: 22px;\n  margin: 16px 0 6px;\n  color: #d8b57a;\n  font-weight: 400;\n}\n\n.blog-item .meta {\n  font-size: 12px;\n  letter-spacing: 0.05em;\n  color: #888;\n  text-transform: uppercase;\n}\n\n.blog-item {\n  cursor: pointer;\n}\n\n\/* FOOTER *\/\n.blog-cart {\n  text-align: center;\n  margin-top: 60px;\n  font-size: 13px;\n  letter-spacing: 0.15em;\n  color: #333;\n}\n\n\/* RESPONSIVE *\/\n@media (max-width: 900px) {\n  .blog-grid {\n    grid-template-columns: repeat(2, 1fr);\n    gap: 40px 30px;\n  }\n}\n\n@media (max-width: 600px) {\n  .blog-grid {\n    grid-template-columns: repeat(1, 1fr);\n  }\n\n  .blog-header h1 {\n    font-size: 32px;\n  }\n\n  .blog-intro {\n    font-size: 15px;\n  }\n}\n<\/style>\n","protected":false},"excerpt":{"rendered":"<p>Questa \u00e8 la mia Terra Grazie alla sua posizione privilegiata all\u2019interno del Mediterraneo, la Calabria \u00e8 una terra intrisa di tradizioni, leggende, eventi e racconti di un terroir unico nella sua diversit\u00e0, ricchezza e amenit\u00e0. Attraverso la narrazione dei luoghi, sospesi tra epica e magia, tessiamo insieme la geo storia di un\u2019intera comunit\u00e0 e di [&hellip;]<\/p>\n","protected":false},"author":1,"featured_media":0,"parent":0,"menu_order":0,"comment_status":"closed","ping_status":"closed","template":"","meta":{"footnotes":""},"class_list":["post-26","page","type-page","status-publish","hentry"],"blocksy_meta":{"has_hero_section":"disabled","styles_descriptor":{"styles":{"desktop":"","tablet":"","mobile":""},"google_fonts":[],"version":6}},"jetpack_sharing_enabled":true,"_links":{"self":[{"href":"http:\/\/www.calabreat.com\/index.php?rest_route=\/wp\/v2\/pages\/26","targetHints":{"allow":["GET"]}}],"collection":[{"href":"http:\/\/www.calabreat.com\/index.php?rest_route=\/wp\/v2\/pages"}],"about":[{"href":"http:\/\/www.calabreat.com\/index.php?rest_route=\/wp\/v2\/types\/page"}],"author":[{"embeddable":true,"href":"http:\/\/www.calabreat.com\/index.php?rest_route=\/wp\/v2\/users\/1"}],"replies":[{"embeddable":true,"href":"http:\/\/www.calabreat.com\/index.php?rest_route=%2Fwp%2Fv2%2Fcomments&post=26"}],"version-history":[{"count":6,"href":"http:\/\/www.calabreat.com\/index.php?rest_route=\/wp\/v2\/pages\/26\/revisions"}],"predecessor-version":[{"id":226,"href":"http:\/\/www.calabreat.com\/index.php?rest_route=\/wp\/v2\/pages\/26\/revisions\/226"}],"wp:attachment":[{"href":"http:\/\/www.calabreat.com\/index.php?rest_route=%2Fwp%2Fv2%2Fmedia&parent=26"}],"curies":[{"name":"wp","href":"https:\/\/api.w.org\/{rel}","templated":true}]}}

<!-- BLOG SECTION WRAPPER -->
<section class="blog-section">

  <!-- TITOLO & TESTO -->
  <div class="blog-header">
    <h1>Questa è la mia Terra</h1>
    <p class="blog-intro">
      Grazie alla sua posizione privilegiata all’interno del Mediterraneo, la Calabria è una terra intrisa di tradizioni, leggende,
      eventi e racconti di un <em>terroir</em> unico nella sua diversità, ricchezza e amenità. Attraverso la narrazione dei luoghi,
      sospesi tra epica e magia, tessiamo insieme la geo storia di un’intera comunità e di un ecosistema.
    </p>
  </div>

  <div class="blog-line"></div>

  <!-- GRID 3 COLONNE -->
  <div class="blog-grid">

    <!-- 1 -->
    <a href="http://www.calabreat.com/?p=145" class="blog-link">
      <article class="blog-item">
        <img decoding="async" src="https://via.placeholder.com/450x450/dbc9b0/ffffff?text=Img+Blog+1" alt="">
        <h3>Il capocollo di Calabria DOP</h3>
        <p class="meta">CALABREAT – 10 NOVEMBRE 2020</p>
      </article>
    </a>

    <!-- 2 -->
    <a href="http://www.calabreat.com/?p=147" class="blog-link">
      <article class="blog-item">
        <img decoding="async" src="https://via.placeholder.com/450x450/dbc9b0/ffffff?text=Img+Blog+2" alt="">
        <h3>Il potere curativo del polline</h3>
        <p class="meta">CALABREAT – 30 OTTOBRE 2020</p>
      </article>
    </a>

    <!-- 3 -->
    <a href="http://www.calabreat.com/?p=149">
      <article class="blog-item">
        <img decoding="async" src="https://via.placeholder.com/450x450/dbc9b0/ffffff?text=Img+Blog+3" alt="">
        <h3>Isola di Dino: tra storia e meraviglie natural</h3>
        <p class="meta">CALABREAT – 16 OTTOBRE 2020</p>
      </article>
    </a>

    <!-- 4 -->
    <a href="http://localhost/agriturismo/2026/01/22/cipolla-di-tropea-oro-rosso-della-calabria/" class="blog-link">
      <article class="blog-item">
        <img decoding="async" src="https://via.placeholder.com/450x450/dbc9b0/ffffff?text=Img+Blog+4" alt="">
        <h3>Cipolla di Tropea, oro rosso della Calabria</h3>
        <p class="meta">CALABREAT – 2 OTTOBRE 2020</p>
      </article>
    </a>

    <!-- 5 -->
    <a href="http://localhost/agriturismo/2026/01/22/propoli-contro-il-mal-di-gola/" class="blog-link">
      <article class="blog-item">
        <img decoding="async" src="https://via.placeholder.com/450x450/dbc9b0/ffffff?text=Img+Blog+5" alt="">
        <h3>Propoli contro il mal di gola</h3>
        <p class="meta">CALABREAT – 18 SETTEMBRE 2020</p>
      </article>
    </a>

    <!-- 6 -->
    <a href="http://localhost/agriturismo/2026/01/22/gerace-gioiello-della-locride/" class="blog-link">
      <article class="blog-item">
        <img decoding="async" src="https://via.placeholder.com/450x450/dbc9b0/ffffff?text=Img+Blog+6" alt="">
        <h3>Gerace: gioiello della Locride</h3>
        <p class="meta">CALABREAT – 4 SETTEMBRE 2020</p>
      </article>
    </a>

    <!-- 7 -->
    <a href="http://localhost/agriturismo/2026/01/22/formaggio-a-base-di-latte-dasina/" class="blog-link">
      <article class="blog-item">
        <img decoding="async" src="https://via.placeholder.com/450x450/dbc9b0/ffffff?text=Img+Blog+7" alt="">
        <h3>Formaggio a base di latte d’asina</h3>
        <p class="meta">CALABREAT – 28 AGOSTO 2020</p>
      </article>
    </a>

    <!-- 8 -->
    <a href="http://localhost/agriturismo/2026/01/22/formaggio-a-base-di-latte-dasina/" class="blog-link">
      <article class="blog-item">
        <img decoding="async" src="https://via.placeholder.com/450x450/dbc9b0/ffffff?text=Img+Blog+8" alt="">
        <h3>Formaggio a base di latte d’asina</h3>
        <p class="meta">CALABREAT – 31 LUGLIO 2020</p>
      </article>
    </a>

    <!-- 9 -->
    <a href="http://localhost/agriturismo/2026/01/22/salsa-al-miele-per-insalata/" class="blog-link">
      <article class="blog-item">
        <img decoding="async" src="https://via.placeholder.com/450x450/dbc9b0/ffffff?text=Img+Blog+9" alt="">
        <h3>Salsa al miele per insalata</h3>
        <p class="meta">CALABREAT – 17 LUGLIO 2020</p>
      </article>
    </a>

    <!-- 10 -->
    <a href="http://localhost/agriturismo/2026/01/22/fichi-di-cosenza-dop/" class="blog-link">
      <article class="blog-item">
        <img decoding="async" src="https://via.placeholder.com/450x450/dbc9b0/ffffff?text=Img+Blog+10" alt="">
        <h3>LFichi di Cosenza DOP</h3>
        <p class="meta">CALABREAT – 3 LUGLIO 2020</p>
      </article>
    </a>

    <!-- 11 -->
    <a href="http://localhost/agriturismo/2026/01/22/crostata-di-ricotta-fichi-e-miele/" class="blog-link">
      <article class="blog-item">
        <img decoding="async" src="http://localhost/agriturismo/2026/01/22/crostata-di-ricotta-fichi-e-miele/" alt="">
        <h3>Crostata di ricotta, fichi e miele</h3>
        <p class="meta">CALABREAT – 19 GIUGNO 2020</p>
      </article>
    </a>

    <!-- 12 -->
    <a href="http://localhost/agriturismo/2026/01/22/gelato-al-miele-con-salsa-di-pesche/" class="blog-link">
      <article class="blog-item">
        <img decoding="async" src="https://via.placeholder.com/450x450/dbc9b0/ffffff?text=Img+Blog+12" alt="">
        <h3>Gelato al miele con salsa di pesche</h3>
        <p class="meta">CALABREAT – 5 GIUGNO 2020</p>
      </article>
    </a>

    <!-- 13 -->
    <a href="/articoli/santa-severina-la-nave-di-pietra" class="blog-link">
      <article class="blog-item">
        <img decoding="async" src="https://via.placeholder.com/450x450/dbc9b0/ffffff?text=Img+Blog+13" alt="">
        <h3>Santa Severina: la nave di pietra</h3>
        <p class="meta">CALABREAT – 22 MAGGIO 2020</p>
      </article>
    </a>

    <!-- 14 -->
    <a href="/articoli/spiaggia-arco-magno-porta-sul-tirreno" class="blog-link">
      <article class="blog-item">
        <img decoding="async" src="https://via.placeholder.com/450x450/dbc9b0/ffffff?text=Img+Blog+14" alt="">
        <h3>Spiaggia dell’Arco Magno, la “porta” sul Tirreno</h3>
        <p class="meta">CALABREAT – 5 MAGGIO 2020</p>
      </article>
    </a>

    <!-- 15 -->
    <a href="/articoli/pentedattilo-cinque-dita-protese" class="blog-link">
      <article class="blog-item">
        <img decoding="async" src="https://via.placeholder.com/450x450/dbc9b0/ffffff?text=Img+Blog+15" alt="">
        <h3>Pentedattilo e le sue cinque dita protese verso il cielo</h3>
        <p class="meta">CALABREAT – 24 APRILE 2020</p>
      </article>
    </a>

    <!-- 16 -->
    <a href="/articoli/pietra-cappa-regina-aspromonte" class="blog-link">
      <article class="blog-item">
        <img decoding="async" src="https://via.placeholder.com/450x450/dbc9b0/ffffff?text=Img+Blog+16" alt="">
        <h3>Pietra Cappa, la regina dell’Aspromonte</h3>
        <p class="meta">CALABREAT – 20 MARZO 2020</p>
      </article>
    </a>

  </div>

  <!-- FOOTER BLOG -->
  <p class="blog-cart">ACCEDI CARRELLO (0)</p>

</section>

<style>
/* ====== BLOG SECTION ====== */

.blog-section {
  max-width: 1100px;
  margin: 0 auto;
  padding: 80px 20px;
  background-color: #f7f5f3;
  font-family: 'Open Sans', sans-serif;
}

.blog-header {
  text-align: center;
  max-width: 800px;
  margin: 0 auto 60px;
}

.blog-header h1 {
  font-family: "Playfair Display", serif;
  font-size: 46px;
  color: #d8b57a;
  font-weight: 400;
  margin-bottom: 20px;
}

.blog-intro {
  font-size: 17px;
  color: #666;
  line-height: 1.7;
}

.blog-line {
  width: 100%;
  height: 1px;
  background-color: #e1ddd8;
  margin: 50px 0;
}

/* GRID */
.blog-grid {
  display: grid;
  grid-template-columns: repeat(3, 1fr);
  gap: 60px 40px;
}

/* LINK WRAPPER */
.blog-link {
  text-decoration: none;
  color: inherit;
  display: block;
}

.blog-link:hover .blog-item img {
  transform: scale(1.02);
}

.blog-link:hover .blog-item h3 {
  text-decoration: underline;
}

/* ITEM */
.blog-item img {
  width: 100%;
  border-radius: 4px;
  transition: transform 0.3s ease;
}

.blog-item h3 {
  font-family: "Playfair Display", serif;
  font-size: 22px;
  margin: 16px 0 6px;
  color: #d8b57a;
  font-weight: 400;
}

.blog-item .meta {
  font-size: 12px;
  letter-spacing: 0.05em;
  color: #888;
  text-transform: uppercase;
}

.blog-item {
  cursor: pointer;
}

/* FOOTER */
.blog-cart {
  text-align: center;
  margin-top: 60px;
  font-size: 13px;
  letter-spacing: 0.15em;
  color: #333;
}

/* RESPONSIVE */
@media (max-width: 900px) {
  .blog-grid {
    grid-template-columns: repeat(2, 1fr);
    gap: 40px 30px;
  }
}

@media (max-width: 600px) {
  .blog-grid {
    grid-template-columns: repeat(1, 1fr);
  }

  .blog-header h1 {
    font-size: 32px;
  }

  .blog-intro {
    font-size: 15px;
  }
}
</style>

<p>Questa è la mia Terra Grazie alla sua posizione privilegiata all’interno del Mediterraneo, la Calabria è una terra intrisa di tradizioni, leggende, eventi e racconti di un terroir unico nella sua diversità, ricchezza e amenità. Attraverso la narrazione dei luoghi, sospesi tra epica e magia, tessiamo insieme la geo storia di un’intera comunità e di [&hellip;]</p>
